 = q + 10. What is the remainder when u is divided by 3?
2
Let f(z) = z**3 + 6*z**2 - 11*z - 6. What is the remainder when f(-6) is divided by 9?
6
Let n(f) = -f**2 + 18*f - 16. What is the remainder when n(6) is divided by 19?
18
Let r(w) be the second derivative of -w**5/20 + 5*w**4/12 + 7*w**3/6 - w**2/2 + 4*w. What is the remainder when 14 is divided by r(6)?
4
Let k(f) = -f**3 + 6*f**2 + 2*f - 4. Let z be k(6). Let i = -4 + z. What is the remainder when 14 is divided by i?
2
Let o(s) = -s**2 - 4*s + 3. Let z be o(5). Let l = z + 62. Let h(t) = t**3 + 7*t**2 + 2*t - 1. What is the remainder when h(-5) is divided by l?
19
Let d = 182 + -129. Suppose -2*z - 5*k = -12 - 4, -2*z - k + 8 = 0. What is the remainder when d is divided by z - -15 - 0/(-2)?
17
What is the remainder when 51 is divided by (26/4)/((-3)/(-6))?
12
Let h = 63 - 57. Calculate the remainder when h is divided by 2.
0
Let m(o) = o**3 + 9*o**2 - 10*o + 4. Let y be m(-10). Suppose l - 2*l + 35 = -4*g, -2*l + 70 = y*g. What is the remainder when l is divided by 12?
11
Let k(v) = -10*v + 7. Calculate the remainder when k(-9) is divided by 25.
22
Let k(z) = z**2 - 4. Let b be k(-3). Suppose -b = -j + 1. Calculate the remainder when 11 is divided by j.
5
Let v(a) = a - 13. Let h be v(11). Let i(s) = -5*s - 3. Let y be i(h). Let t(g) = g**3 - 7*g**2 + 3*g + 2. Calculate the remainder when t(y) is divided by 12.
11
Calculate the remainder when 61 is divided by (-5 + 4 + 0)*(-93)/3.
30
Let d be (-6)/10 - 183/(-5). What is the remainder when 53 is divided by (7 - 6)/(2/d)?
17
Suppose 30 = 2*t + 2. Let k(g) = -g**3 + 4*g**2 + 5*g + 5. Suppose -3*h + 0*h + 15 = 0. What is the remainder when t is divided by k(h)?
4
Suppose 0 = 11*i - 1111 - 1463. What is the remainder when i is divided by 34?
30
Suppose 16 + 0 = 4*k. Calculate the remainder when 6 is divided by k.
2
Let g = 5 - 3. Let q be (-2 + 0)*51/g. Let r = q + 77. Calculate the remainder when r is divided by 7.
5
Suppose -3*m - x - 5 = 3, 2*m - 2*x = -16. Let q(h) = -h**3 - 3*h**2 + 2*h + 2. Calculate the remainder when 17 is divided by q(m).
7
Suppose -8*l = -5*l - 36. Calculate the remainder when 34 is divided by l.
10
Suppose -156 = 3*n - 16*n. Calculate the remainder when 47 is divided by n.
11
Suppose j - 35 = 38. What is the remainder when j is divided by 19?
16
Suppose 0*i + 18 = 3*i. Suppose -4 = 5*d - 7*d. What is the remainder when i is divided by d?
0
Let l(q) = 63*q**3 - q + 2. What is the remainder when l(1) is divided by 17?
13
Suppose 12 = 5*x - 38. Suppose 5*o - t = 26, -3*t - 4 = -4*t. What is the remainder when x is divided by o?
4
Let v = 46 + -31. What is the remainder when v is divided by 8?
7
Let s(h) = h**3 + 8*h**2 + 10*h + 14. What is the remainder when 102 is divided by s(-6)?
24
Suppose -2 = -m + 22. Suppose 4*w = 4*t + 8, -w - 3*w + 18 = t. Let z(g) = 3*g**2 + 2*g - 3. Calculate the remainder when m is divided by z(t).
11
Let g be 38/10 + (-4)/(-20). Let v(i) = i**3 - 2*i**2 - 4*i + 5. Calculate the remainder when 61 is divided by v(g).
19
What is the remainder when (-3)/6 + 77/2 is divided by 10?
8
What is the remainder when 72 is divided by 1/2 - (-87)/6?
12
Suppose -33*h + 12*h = -882. Calculate the remainder when 292 is divided by h.
40
Let r = -10 - -14. Suppose 0 = -4*q + 78 + 290. Suppose 0*u = r*u - q. Calculate the remainder when u is divided by 12.
11
Suppose 2*h = 3*g + 16, 5*g - 1 + 21 = 2*h. Suppose 0*z + 42 = z + 3*o, 117 = 4*z - h*o. What is the remainder when z is divided by 17?
16
Let q = -3 - -12. Calculate the remainder when 14 is divided by q.
5
Let d(y) = -y**2 + 10*y - 12. Let s be d(8). Suppose 5*n - 310 = 2*h, s*n + h - 93 = 155. Calculate the remainder when n is divided by 16.
14
Calculate the remainder when (0 - -21) + 3*(4 + -3) is divided by 16.
8
Let t(w) = w**2 + 4. What is the remainder when -2*(-235)/10 + 4 is divided by t(3)?
12
Let r = -81 + 119. Calculate the remainder when r is divided by 20.
18
Let j be ((-2)/5)/(2/10). Let h be -12*(-1 - j/4). Suppose 0 = 2*v + h - 20. Calculate the remainder when 13 is divided by v.
6
Let a = 114 - 96. Calculate the remainder when 63 is divided by a.
9
Let h(p) = p + 1. Let i be 0 + (0 - -1) + 3. Let r be h(i). Suppose 0 = l - 3*b + r, -5*b - 10 = -2*l - 3*b. Calculate the remainder when 18 is divided by l.
8
Let d(g) = -4*g - 4. Let w be d(-6). Suppose 3*l = -l + w. Suppose l*k - 36 = -4*q, -4*k = -5*q - 0 + 4. Calculate the remainder when 5 is divided by q.
1
Suppose 19 = 3*m + u, 4*u = 2*m - m - 15. Let c = 35 - m. Calculate the remainder when c + (-3)/(-3) + 1 is divided by 16.
14
Suppose -b = -5*x + 9, -2*x + b + 0*b = -3. Suppose -i - 17 = -x*i. Suppose 39 + i = 4*k. What is the remainder when 26 is divided by k?
12
Let d = -2 - -44. Calculate the remainder when d is divided by 22.
20
Let y = -1 - -8. Let r(g) = g**2 - 2*g + 1. Calculate the remainder when r(y) is divided by 13.
10
Let o be (2 + -1 + 0)*2. Suppose -5*q - o*d - 1 = -10, -q - 5*d = -11. Let p(x) = -x**2 - 4*x + 7. Calculate the remainder when p(-5) is divided by q.
0
Suppose -18 - 28 = -2*s. What is the remainder when 91 is divided by s?
22
Suppose -3*t + 2*m = -77, -t - 4*t = m - 124. Let n = t + -12. Suppose -3*x + 1 = -71. Calculate the remainder when x is divided by n.
11
Let o(v) = 4*v - 3. Let d be o(-4). Let a = d + 30. Calculate the remainder when a is divided by (-2)/(-5) - 56/(-10).
5
Let v(a) = -9*a - 2. Calculate the remainder when v(-4) is divided by 9.
7
What is the remainder when (4/(7 + 1))/((-5)/(-520)) is divided by (-1)/3 - (-102)/9?
8
Suppose 0 = -2*f + 7 - 3. Suppose -2*x - 32 = -6*x. Suppose -j + x + 7 = 4*y, -y + 2 = 2*j. What is the remainder when y is divided by f?
0
Suppose 0 = 11*c - 312 + 26. Calculate the remainder when 59 is divided by c.
7
Suppose 4*n = -o - 6 + 23, 19 = 5*n - o. Suppose -5*x - n*l = -28 - 14, -3*l = 3*x - 24. Calculate the remainder when x is divided by 3.
1
Let u(s) = 7*s**2 + s**2 + 6 + s + 0*s**3 - 4*s - s**3. What is the remainder when u(7) is divided by 12?
10
Let l = -38 - -51. Let j = 57 + -34. Calculate the remainder when j is divided by l.
10
Suppose l + 0*l - 16 = 3*p, 0 = -l - 4*p - 12. Suppose n = -l*x + 31, 0*x + 4*n - 5 = x. Calculate the remainder when x is divided by -3*2*((-21)/6 - -3).
1
Let q = 23 - 13. Suppose 0*z = 2*n - 3*z + 83, 4*z = 4. What is the remainder when q is divided by n/(-12)*18/15?
2
Suppose 29*v + 162 = 32*v. Calculate the remainder when v is divided by ((-14)/(-6))/((-2)/(-12)).
12
Let f(l) = -104*l - 10. What is the remainder when f(-2) is divided by 67?
64
Let k = 12 + 0. Suppose 56 - k = 2*g + 3*a, -g + 36 = 5*a. What is the remainder when 30 is divided by g?
14
Let d = 231 - 160. Calculate the remainder when d is divided by 18.
17
Let s(j) = j**2 + 4*j - 3. What is the remainder when s(-8) is divided by 13 - ((-3)/1 - -1)?
14
Suppose f + 4*f = 4*z + 65, 3*z + 51 = 4*f. What is the remainder when 16 is divided by f?
7
Suppose 0 = -3*b + 38 + 13. Suppose y + 0*i = i + b, -4*y + 28 = 4*i. Calculate the remainder when 45 is divided by y.
9
Let v = -3 - -18. What is the remainder when (-742)/(-18) - (-5 + 141/27) is divided by v?
11
Let m(f) = f**2 - 116*f + 0*f**2 + 4 + 118*f. Calculate the remainder when m(-3) is divided by 1 + (0 - -1) + 2.
3
Suppose 11 = -0*w + w. Calculate the remainder when w is divided by 7.
4
Suppose 4*u - 5 = 3*u. Suppose 0 = 4*p - 5*j - 6 - u, 0 = 2*j + 6. Calculate the remainder when 40 is divided by 21*(p - 0)*-1.
19
Let k = 1369 - 869. Suppose 5*u = 3*a + k + 186, -281 = -2*u - a. Let n = u - 86. What is the remainder when n is divided by 14?
11
Let v(q) be the first derivative of 2*q**3/3 + 3*q**2 + 2*q - 2. What is the remainder when v(-4) is divided by 4?
2
Suppose 0 = -5*m - 5 - 0. Let n be (-8)/(-1) + 0 + m. Suppose 48 = h - n. What is the remainder when h is divided by 14?
13
What is the remainder when ((-2)/4)/(6/(-456)) is divided by 10?
8
Suppose 123 = -5*z - 4*a + 42, -3*z + 4*a = 23. Let v = -3 - z. What is the remainder when 27 is divided by v?
7
Let r = -16 + 42. What is the remainder when 74 is divided by r?
22
Let b = -130 - -166. What is the remainder when b is divided by 13?
10
Let n = -4 + 11. Calculate the remainder when 13 i